{"id":6,"date":"2021-10-30T13:35:19","date_gmt":"2021-10-30T13:35:19","guid":{"rendered":"http:\/\/dr-koerner-nachhilfe.de\/?page_id=6"},"modified":"2021-11-24T01:08:36","modified_gmt":"2021-11-24T01:08:36","slug":"about","status":"publish","type":"page","link":"https:\/\/dr-koerner-nachhilfe.de\/?page_id=6","title":{"rendered":"Nachhilfe"},"content":{"rendered":"\n<p class=\"has-text-align-center\">Das bekommen Sie:<\/p>\n\n\n\n<ul class=\"has-text-color wp-block-list\" style=\"color:#046e9c\"><li>Einzelnachhilfe online<\/li><li>Latein, Englisch oder Deutsch<\/li><li>90min zu 50\u20ac<\/li><li>billiger mit Bildungsgutschein<\/li><li>stundengenaue Abrechnung ohne Vertragsbindung<\/li><li>Gelegenheit zur Stornierung bis eine Stunde vor Unterrichtsbeginn<\/li><\/ul>\n\n\n\n<p class=\"has-text-align-center\"><em><a href=\"https:\/\/dr-koerner-nachhilfe.de\/?page_id=7\" title=\"https:\/\/dr-koerner-nachhilfe.de\/?page_id=7\">Einfach mailen oder anrufen<\/a><\/em><\/p>\n\n\n\n<p><\/p>\n\n\n\n<p class=\"has-text-align-center\">\u00dcber mich:<\/p>\n\n\n\n<p class=\"has-black-color has-text-color\" style=\"line-height:1.5\">2001 habe ich als Sch\u00fcler zum ersten Mal Nachhilfe gegeben und festgestellt, dass Latein sehr gefragt ist. Mittlerweile habe ich Jahrzehnte an Unterrichtserfahrung angesammelt und kann aus dem Wissen eines Arch\u00e4ologie- und eines Philosophiestudiums sch\u00f6pfen. Auf Letzteres bezieht sich der Dr. vor meinem Namen.<\/p>\n\n\n\n<p class=\"has-black-color has-text-color\" style=\"line-height:1.5\">Von allen T\u00e4tigkeiten, die ich neben dem Studium ausprobiert habe, gefiel mir die Nachhilfe am besten. Ich f\u00fchle mich besser, wenn ich unterrichte, habe den Eindruck, etwas Sinnvolles zu tun und helfe anderen, an ihren Aufgaben zu wachsen. B\u00fccher und Motoren sind nicht im selben Ma\u00dfe dankbar.<\/p>\n\n\n\n<p class=\"has-text-align-center\">\u00dcber meinen Unterricht:<\/p>\n\n\n\n<p>Am wichtigsten finde ich es, p\u00fcnktlich anzufangen und workflow herzustellen. In der Klasse ist es oft anstrengend, sich abwechselnd beeilen zu m\u00fcssen und dann wieder auf den Rest zu warten. Bei der Nachhilfe sorge ich daf\u00fcr, dass immer etwas zu tun ist, so dass man im besten Fall die Zeit vergisst. Die Schwierigkeit passe ich so an, dass man stets das Gef\u00fchl hat, voranzukommen. Manche Themen sind schwierig und unerl\u00e4sslich, aber dann versuche ich, das Element herauszugreifen, das dem Sch\u00fcler am meisten bringt und begr\u00fcnde das entsprechend. So etwas bringe ich in einem kleinen Zeitfenster bis 30min unter und binde es dann \u00fcber Wochen in eine Routine ein.<\/p>\n\n\n\n<p>Im Lateinunterricht muss man zum Beispiel Silben lernen, die die einzelnen Zeiten bezeichnen. Oft widme ich die erste halbe Stunde Latein allein dem \u00dcbersetzen von Verben. Meistens dauert es Monate, bis ein Sch\u00fcler alle Zeiten treffsicher \u00fcbersetzen kann, aber das ist besser, als bis zum Abi oder zur Abwahl des Faches per M\u00fcnzwurf zu entscheiden.<\/p>\n\n\n\n<p>Falls Ihnen mein Unterricht zu teuer ist, k\u00f6nnen Sie \u00fcbrigens auch meine Grammatiktabellen zu Hilfe nehmen. Ich habe die Grammatik des Lateinischen auf drei Tabellen, und die Zeiten des Englischen auf einer Tabelle zusammengefasst. <\/p>\n\n\n\n<p><em>(Will man sein Wissen bewusst pr\u00fcfen, ist es die beste Form der Darstellung, den Inhalt in H\u00e4lften und Drittel zu gliedern. Listen im Bereich von sieben oder mehr Elementen sind nicht als einzelnes Bild vorstellbar, sondern werden vom inneren Auge als Sequenz von zwei Bildern mit drei und vier Elementen dargestellt.)<\/em><\/p>\n\n\n\n<p>Der Stoff ist immer an die n\u00e4chste Pr\u00fcfungsleistung angepasst. Ich trage ein, wann sie stattfindet, was gefragt ist, und organisiere die n\u00e4chsten Stunden entsprechend.<\/p>\n\n\n\n<p>Oft ist ein bischen Luft im Pr\u00fcfungskalender und ich habe Zeit, Grundlagen zu wiederholen, die Sinnhaftigkeit des ganzen Unterfangens zu diskutieren oder gute Texte zu zeigen. In Englisch sind Gedichte zum Beispiel sehr beliebt, seien sie von Tolkien oder Tennyson. Auch Klassiker wie Animal Farm, die im Lehrplan fehlen, sto\u00dfen auf gro\u00dfes Interesse. Geheimtipp f\u00fcr den Lateinunterricht: Die Bibel ist das einfachste lateinische Buch, das ich kenne. Man stehe zum Inhalt wie man will: Es ist sicher nicht schlecht, sich sein eigenes Urteil anhand des Originals zu bilden.<\/p>\n","protected":false},"excerpt":{"rendered":"<p>Das bekommen Sie: Einzelnachhilfe online Latein, Englisch oder Deutsch 90min zu 50\u20ac billiger mit Bildungsgutschein stundengenaue Abrechnung ohne Vertragsbindung Gelegenheit zur Stornierung bis eine Stunde vor Unterrichtsbeginn Einfach mailen oder anrufen \u00dcber mich: 2001 habe ich als Sch\u00fcler zum ersten Mal Nachhilfe gegeben und festgestellt, dass Latein sehr gefragt ist. Mittlerweile habe ich Jahrzehnte an&hellip; <a class=\"more-link\" href=\"https:\/\/dr-koerner-nachhilfe.de\/?page_id=6\">Continue reading <span class=\"screen-reader-text\">Nachhilfe<\/span><\/a><\/p>\n","protected":false},"author":1,"featured_media":0,"parent":0,"menu_order":0,"comment_status":"closed","ping_status":"closed","template":"","meta":{"om_disable_all_campaigns":false,"footnotes":""},"class_list":["post-6","page","type-page","status-publish","hentry","entry"],"_links":{"self":[{"href":"https:\/\/dr-koerner-nachhilfe.de\/index.php?rest_route=\/wp\/v2\/pages\/6","targetHints":{"allow":["GET"]}}],"collection":[{"href":"https:\/\/dr-koerner-nachhilfe.de\/index.php?rest_route=\/wp\/v2\/pages"}],"about":[{"href":"https:\/\/dr-koerner-nachhilfe.de\/index.php?rest_route=\/wp\/v2\/types\/page"}],"author":[{"embeddable":true,"href":"https:\/\/dr-koerner-nachhilfe.de\/index.php?rest_route=\/wp\/v2\/users\/1"}],"replies":[{"embeddable":true,"href":"https:\/\/dr-koerner-nachhilfe.de\/index.php?rest_route=%2Fwp%2Fv2%2Fcomments&post=6"}],"version-history":[{"count":8,"href":"https:\/\/dr-koerner-nachhilfe.de\/index.php?rest_route=\/wp\/v2\/pages\/6\/revisions"}],"predecessor-version":[{"id":66,"href":"https:\/\/dr-koerner-nachhilfe.de\/index.php?rest_route=\/wp\/v2\/pages\/6\/revisions\/66"}],"wp:attachment":[{"href":"https:\/\/dr-koerner-nachhilfe.de\/index.php?rest_route=%2Fwp%2Fv2%2Fmedia&parent=6"}],"curies":[{"name":"wp","href":"https:\/\/api.w.org\/{rel}","templated":true}]}}